2*l**2 + 39*l - 27. Let o be j(-24). Let n be -1 - (-1*133 + -3). What is the highest common factor of n and o?
27
Let p be ((-10)/(-4))/(18/252). Suppose 39*c + p = 46*c. Calculate the highest common divisor of c and 40.
5
Let a(h) = 2*h**2 - 46*h + 178. Let q be a(20). What is the highest common factor of q and 348?
58
Let u be 2/(-6) + 75/9. Suppose -51 = -12*r + 669. Let v be (8 + r/(-9))/(2/36). What is the greatest common divisor of v and u?
8
Suppose 0 = 267*p - 269*p + 2*v + 2194, 4*v - 5440 = -5*p. Calculate the highest common factor of 1260 and p.
84
Suppose 27*a + 23*a = 42*a + 1792. Calculate the greatest common factor of 21 and a.
7
Let p = -3938 - -3953. What is the greatest common factor of 10 and p?
5
Let m = -216 + 63. Let o = 217 + m. Let p(w) = -w**3 - 12*w**2 - 12*w - 3. Let z be p(-11). What is the greatest common divisor of o and z?
8
Let f = 4782 + -4762. What is the greatest common factor of f and 20?
20
Suppose -3*v - 19 = -5*l + v, 15 = 4*l - 3*v. Let g be l/3 + 24 - (-2)/(-2). Calculate the greatest common factor of 276 and g.
12
Suppose -1029*y + 1037*y = 336. Calculate the highest common divisor of 57 and y.
3
Suppose 49*y - 51*y - 4 = 0, 7 = 5*z - y. Let t be (z/(-7) - 80/224)*-32. Let v = 87 - 7. What is the highest common divisor of v and t?
16
Suppose 4*o = -5*r + 66, -r + 29 = 5*o - 1. Let a(k) = k**2 - 3. Let i be a(-2). What is the greatest common factor of r and i?
1
Let g(c) be the third derivative of c**4/24 - 7*c**3/6 + 2*c**2 + 1. Let q be g(11). What is the greatest common divisor of 172 and q?
4
Let p(s) = 7*s**3 - 14*s**2 + 16*s - 5. Let y be p(3). Calculate the greatest common divisor of 1060 and y.
106
Let q be (-2 + 65/20)/(8 + 767/(-96)). What is the greatest common factor of 960 and q?
120
Suppose q - 60 = -q. Let g be (0 - 1) + (15 - 11) - -2. Suppose 3 + 23 = k + g*b, 0 = -4*k + 2*b + 16. Calculate the highest common divisor of k and q.
6
Let m(d) = 7*d**2 - 4*d + 0*d - 1 + 2 - 14. Let q be m(-2). What is the highest common divisor of q and 621?
23
Let p(w) = -1330 + 4*w + 1330. Let u be p(14). Suppose -q + 2*b + 12 = 0, -3*q + 5*b = q - 54. Calculate the highest common factor of q and u.
8
Suppose -2*x = -m - 222, -3*x + 5*m = -2*x - 102. Suppose 7*i + 7 = x. Let r be (3 - (-3)/(-6))*6. Calculate the greatest common divisor of r and i.
15
Let c = 137 - 123. Suppose 5*p - 1520 = -c*p. What is the greatest common factor of p and 640?
80
Let g(l) be the second derivative of -l**4/6 + 2*l**3 - 10*l**2 - 3*l. Let w be g(10). Let k = w - -175. What is the highest common factor of k and 15?
15
Let p = -154 + 173. Let d(l) = l**3 - 20*l**2 + 17*l + 43. Let c be d(p). What is the highest common factor of 2 and c?
1
Suppose 38 - 8 = 2*w. Suppose -16*m + 4 = -w*m. Suppose -4*c = 4*u - 52, m*u - u - 24 = -2*c. What is the greatest common divisor of 15 and c?
15
Let v(l) = 2*l**3 + 3*l**2 + 4. Suppose -1279*q + 32 = -1271*q. Let m be v(q). Calculate the highest common factor of m and 48.
12
Suppose -5*g + 24 = -21. Let s be (-1)/(-2)*(-44)/(-2). Let r be s/(-2)*(g + -11). Calculate the greatest common factor of r and 121.
11
Let a = 158 - 113. Suppose 4*z = -4*q - 2104, 2*z + 4*q - 353 = -1411. Let h = -208 - z. Calculate the highest common divisor of h and a.
45
Suppose -663 = -17*a + 246 - 161. Calculate the highest common divisor of 1012 and a.
44
Let f be -1 - -4 - -1 - -2*3. What is the greatest common divisor of f and 145?
5
Let u = 36 + -18. Let i(a) = -a + 14. Suppose -6*c + 55 = 5*c. Let f be i(c). Calculate the highest common divisor of u and f.
9
Let o = 297 - 152. Let i be (5 - 1) + o + -5. Let m = 25 + 23. Calculate the highest common divisor of m and i.
48
Let p(c) = -148*c + 1724. Let o be p(6). Calculate the highest common divisor of o and 152.
76
Suppose -4*q + 901 = -8*h + 9*h, -4*h - 2*q + 3548 = 0. Let u = -581 + h. What is the greatest common divisor of 16 and u?
16
Let p(l) = 3*l**3 + 45*l**2 + 42*l + 14. Let d be p(-14). Calculate the greatest common factor of 6398 and d.
14
Suppose -23 = -3*v + 25. Suppose f - 10 = 4*f + 2*s, -f + s = 10. Let c be f/(-9)*(-5)/((-15)/936). Calculate the highest common divisor of v and c.
16
Suppose 19437*p - 19427*p - 120 = 0. What is the greatest common divisor of p and 78?
6
Let j(c) be the second derivative of c**4/12 - c**3/6 - 2*c**2 + c - 3. Let z be j(-4). What is the greatest common divisor of 12 and z?
4
Let o(h) = 14*h - 22. Let k(m) = -7*m - 1. Let p(y) = -3*k(y) - o(y). Let j = 4 + -4. Let l be p(j). What is the highest common factor of 75 and l?
25
Suppose -4*m = -7*m - 3. Let t be m/((6/255)/(-2)). Let u(g) = g**3 - 96*g**2 + 357*g + 1029. Let b be u(92). What is the greatest common factor of t and b?
17
Suppose -5*f + 3*b = -12920, -12*f = -13*f - 5*b + 2584. What is the highest common factor of f and 34?
34
Suppose -322*n + 330*n = 2624. Suppose 4*u - 41 = 3*u. What is the greatest common divisor of u and n?
41
Let b(m) = -104*m + 476. Let c be b(3). What is the highest common divisor of c and 112?
4
Suppose 0 = o - 4*o. Suppose o*b = -3*b + 18. Let v(w) = -w**3 - 12*w**2 - 11*w + 18. Let i be v(-11). What is the highest common divisor of i and b?
6
Let f = -1 - -5. Let v(y) = y**2 - 15. Let x(k) = k**2 + 6*k + 3. Let w be x(-4). Let l be v(w). What is the highest common divisor of f and l?
2
Let u(y) = -4*y**2 - 32*y + 19. Let r(s) = 2*s - 1. Let n(q) = 2*r(q) + u(q). Let g be n(-7). Calculate the greatest common divisor of g and 17.
17
Let b = 31 + -21. Suppose -b*r - 18*r = -1904. What is the greatest common factor of r and 4?
4
Suppose 3*x - 2*t - 123 - 468 = 0, -3*t - 984 = -5*x. Calculate the greatest common factor of 2600 and x.
65
Suppose 2*a - 4*n - 156 = -3*n, -3*n + 252 = 3*a. Let l = 230 - a. Calculate the highest common factor of l and 50.
50
Suppose -h + 65 = 66. Let t(m) = 8*m + 3 + 0*m + 53*m**2 - 11*m + 7*m. Let u be t(h). Calculate the greatest common factor of u and 39.
13
Let r(f) = -2080*f + 1574. Let j be r(-4). Calculate the highest common factor of j and 97.
97
Suppose 0 = 91*l + 53*l - 7344. What is the highest common factor of l and 2125?
17
Let y = 42 + -41. Let n be (78/91)/(y/252). Let c = 2 + 22. Calculate the greatest common factor of n and c.
24
Suppose -4*v - 44 = -4*f, -5*v - 125 = -f - 54. Let c be 22/(((-15)/6)/(-5)). Let j = c + v. What is the greatest common factor of j and 319?
29
Let o = 4477 - 4457. What is the greatest common factor of o and 860?
20
Let c = -334 - -244. Let p = -15 - c. Calculate the highest common divisor of p and 165.
15
Let g be (-136)/(-1) + (-32)/8 - -4. Suppose -248*p + 250*p - g = 0. Let t be 3/(-6)*(-35 - -1). Calculate the greatest common divisor of t and p.
17
Suppose -118*w + 161*w - 93121 = -31459. Calculate the highest common factor of 42 and w.
6
Suppose -32*d + 35*d = -19*z - 100, 0 = -2*d - 3*z + 30. Suppose -858 = 5*y - 4458. Calculate the greatest common factor of y and d.
30
Let y = -328 + 335. Let n(c) = -2*c**3 + 14*c**2 + 4. Let v be n(y). Calculate the highest common divisor of v and 20.
4
Suppose 177*y - 22848 = -95*y. What is the highest common factor of 876 and y?
12
Let y be -5*21/(-14) + (-99)/(-18) + -9. What is the greatest common factor of 508 and y?
4
Let s be 10/((-120)/102)*(-8)/(3 + 1). What is the highest common factor of 6766 and s?
17
Suppose -5 = -7*f + 2*f + 2*n, n = -5. Let k be 318/12*4 + f. What is the greatest common divisor of k and 30?
15
Let r(l) = 4*l**2 - 8*l + 8. Let a be r(1). Let i be 30/a*(-6)/(-1). Calculate the highest common factor of 75 and i.
15
Let k be -54*2/6*-1. Let u = -32 - -36. Suppose 7 = 3*t + 3*c + 1, -u*c - 24 = -4*t. Calculate the greatest common divisor of k and t.
2
Let v(w) = 66*w**2 + 10*w - 26. Let u be v(4). Suppose -17*g + u - 305 = 0. What is the greatest common factor of g and 45?
45
Suppose 83 = -3*g + 233. Suppose -9*w + g = 14. What is the greatest common factor of w and 52?
4
Suppose -173*d = -45*d - 11217 - 11823. Calculate the greatest common factor of 4950 and d.
90
Suppose 25378*i + 156 = 5*j + 25374*i, -2*j + 3*i + 75 = 0. Let m(d) = d**3 + 7*d**2 + 4*d - 3. Let u be m(-6). Calculate the highest common factor of j and u.
3
Let o be ((-3)/(-6))/((-6)/(-2352)). What is the greatest comm